. Is g a composite number?
False
Suppose -n = 3*l - 17122, n + 7*l = 9*l + 17097. Is n composite?
False
Let z be (-3)/2*2 + 3. Let f be 6 + 283 - (z - 3). Is f/(-2)*(-21)/6 composite?
True
Let o(n) = 1361*n. Let c be o(4). Suppose 2*k + c = 4*y, -3*k = -2*k. Is y composite?
False
Suppose p = -5*q + 1 + 18, -3 = -q. Suppose -4*a - 84 = -d - p*d, 3*d + 3*a = 45. Is (30/(-8))/((-4)/d) a composite number?
True
Suppose -3*i + 7 - 1 = 0. Suppose -2*p + l + 126 = 0, -5*p - i*l + 296 = -37. Suppose 89 = 4*k - 3*s - p, -4*k + 152 = -2*s. Is k a composite number?
False
Suppose -3*p + 7539 = -3*j, 21 - 11 = 2*j. Is p prime?
False
Suppose 0 = 69*y - 81*y + 146724. Is y a prime number?
True
Let a(n) be the second derivative of 43*n**4/6 - 7*n**3/6 - 5*n**2/2 + 10*n. Is a(-4) a prime number?
True
Let o(f) = 48*f**2 - 33*f - 62. Is o(-15) prime?
False
Let b be -2*2*(-55)/44. Suppose 0 = y - 0*v + 2*v - 832, -b*v = 2*y - 1663. Suppose 2*i = -4*i + y. Is i composite?
False
Let x(n) = -n**2 - 7*n + 4. Let r be x(-4). Suppose -7*l + r = -3*l. Suppose -l*w = 177 - 1081. Is w a prime number?
False
Suppose 48*n + 8084 = 52*n. Is n a composite number?
True
Is 3/36*3314*6 prime?
True
Let j(i) = -2*i**2 + 15*i + 2. Let a(h) = h**2 + h. Let w(n) = 5*a(n) - j(n). Suppose -4*q = 5*q + 63. Is w(q) prime?
False
Suppose 5*d - 9*d = -2*k - 7982, 0 = -4*d - 12. Let b = 7130 + k. Is b composite?
True
Suppose -1257 = 4*r + 727. Let q be -3*(-7)/((-84)/r). Let g = -73 + q. Is g prime?
False
Let r(j) = -j**2 - 3*j + 7. Let t be r(-6). Let h = t - -19. Suppose h*i - 7*i - 113 = 0. Is i prime?
True
Suppose 5 = -5*v + 10. Let j be (9/6)/(v/(-22)). Is (0/(-3) - j) + 1 prime?
False
Let b(k) = 2*k**2 + 5*k + 8. Let t = 8 + -5. Suppose -4*o - 3*h = -25, 2*o - t*h - 14 = 3. Is b(o) prime?
False
Let l(z) = 12*z**2 + 5*z + 4. Suppose -3*t = y - 0 - 37, -3*y - 21 = -2*t. Suppose -t = 4*f - 8*f. Is l(f) composite?
False
Let l(u) = 423*u**2 - 5*u - 1. Is l(14) a composite number?
False
Suppose -95*y + 99*y - 17012 = 0. Is y composite?
False
Let c = -11 - -15. Suppose -5*h + 0*h - m - 22 = 0, c*m = 2*h + 22. Let k(u) = -21*u + 4. Is k(h) a composite number?
False
Is (((-5971)/(-3))/(-7))/((-7)/63) a composite number?
True
Let j = -113 + 231. Suppose 0 = n + n - j. Is n a prime number?
True
Suppose -5*i + 30 = 5*j, -13 = -2*j - i + 4. Let f(q) = 9*q + j*q**2 - 2 - 9*q. Is f(3) prime?
True
Suppose -5*u + 16*u = 22. Suppose z - u*p + 3*p = 1092, -p - 4343 = -4*z. Is z composite?
False
Suppose 11*h + 2954 = 14757. Is h a prime number?
False
Suppose -263750 = -8*a - 958. Is a a prime number?
False
Let v = 17587 - 9896. Is v prime?
True
Suppose 157 = 2*f - 43. Suppose -f = -3*t + 146. Let y = -45 + t. Is y a prime number?
True
Let x(b) = 0 + 2*b - 5*b + 4 - 3 + b**2 + 51*b**3. Suppose 22 = 6*c + 5*c. Is x(c) composite?
True
Let z = 24580 - 15831. Is z composite?
True
Let s = -10836 - -34309. Is s a prime number?
True
Let r = 332 - 531. Suppose -5*x = -6*x + 608. Let t = r + x. Is t prime?
True
Let f(q) = -q**3 + 21*q**2 - 21*q + 17. Let a be f(20). Let m(o) be the third derivative of -37*o**4/8 + o**3 - 2*o**2. Is m(a) a composite number?
True
Let m(v) = -5*v**3 - 3*v**2 - 2*v + 4. Let t = 12 - 12. Suppose 0*d + 7 = -u - 4*d, t = 5*u + 4*d + 19. Is m(u) a composite number?
True
Let w(i) = -i**3 + i**2 + i - 63. Let n be w(0). Let c be 94/14 - 18/n. Is -487*1*(-8 + c) a prime number?
True
Suppose 97909 = -3*x + 7*x + 3*a, 0 = -3*a - 15. Is x prime?
True
Suppose -4*u - 2*m + 164 = 0, 3*u + 4*m + 134 = 6*u. Suppose 0 = 9*c - 3*c + u. Is (-4891)/c + (-6)/(-21) a prime number?
False
Let d(n) = 2*n**3 - 10*n**2 + 14*n - 8. Let v be d(8). Suppose -2*x - 138 + v = 0. Let y = 264 - x. Is y a composite number?
False
Suppose -4*b - 3*v = -10403, 2*b - 5215 = -0*b + 3*v. Is b a composite number?
True
Suppose 2*z = 4 - 2. Suppose 5*b = 2*o + 66, 2*o = 5 - z. Is (-16491)/(-21) - 4/b a composite number?
True
Is 91488/2 + (-95)/(-19) prime?
False
Suppose -3*g + 2*p = -15, -2*p + 3 = -2*g - 5*p. Let o = 3 - g. Suppose o = 2*k + 2*k - 348. Is k a composite number?
True
Let n = 1272 - -917. Suppose -2*l = -4*m - l + 4351, 5*l + n = 2*m. Is m composite?
False
Suppose -2*z + 1880 = -0*z. Let g = z + -477. Let t = g + -272. Is t prime?
True
Let y = -9 + 23. Suppose -s - 5*g = y, -s + 0*g - 2*g - 5 = 0. Is 354*s*(-8)/(-24) a composite number?
True
Is 3/((-12)/(-33224))*2/4 a prime number?
True
Let q(t) = t**3 + 10*t**2 - 10*t + 14. Let m be q(-11). Suppose 4*c = m*c + 89. Suppose -4*h + c = -179. Is h composite?
False
Let q(o) = 62*o - 111. Is q(9) prime?
False
Suppose -2*p = -7*p + t + 682, 5*p = -4*t + 697. Let f = -6 + p. Suppose -i + q + f = 0, -3*i + q + 663 = 2*i. Is i a prime number?
False
Is (-13306)/(-12) - 11/(-66) a composite number?
False
Let i = 13 - 10. Suppose -1438 = z - i*z. Is z a prime number?
True
Let u(v) = -2*v + 41. Let o be u(0). Let z = -29 + o. Is ((-8)/z)/((-2)/429) composite?
True
Suppose -h + 190 = -441. Let b = 618 + h. Is b a prime number?
True
Let a = 1437 + 662. Is a prime?
True
Suppose 5*t + 5 = -10. Is ((-10)/t)/(2/87) prime?
False
Suppose 0 = 4*c + 5*n + 379, 2*c = 5*n + 75 - 272. Let y = c - -25. Let s = 184 + y. Is s a composite number?
False
Suppose 2*c + 18 = 3*f, c + 0*c = -3. Suppose 5*i = i + 1368. Suppose -2*y = -f*b + i, -2*b + 80 = -3*y - 101. Is b a composite number?
False
Let b(z) = 272*z**2 + 3. Is b(5) a prime number?
True
Let k = 0 + 0. Suppose -51*y - 600 = -59*y. Suppose 0 = x + 4*n - 2*n - y, k = -x + 2*n + 59. Is x prime?
True
Suppose 6*c = 3*c - 420. Let f = c + 619. Is f a composite number?
False
Let t(u) be the first derivative of -u**4/4 + 11*u**3/3 + 5*u**2 - 7*u - 18. Suppose -5*x + 0 = -35. Is t(x) composite?
True
Suppose 3*c = -4*a + a + 105, 0 = c + 2*a - 30. Suppose 60 = 2*d - c. Is 2/(-10) + 18660/d a composite number?
False
Let b(f) = -3 - 4 - 8*f**2 - 68*f + 82*f. Let x(j) = -j**2 + j. Let h(z) = -b(z) + 4*x(z). Is h(15) a prime number?
True
Let t = -3668 + 50361. Is t a composite number?
True
Suppose -5045 = -5*q + 12420. Is q prime?
False
Let m be 0*2/6*-1. Suppose m = -3*v + 681 + 99. Is v + 0 + 2 - 3 composite?
True
Is 19*1693 - 23/46*0 prime?
False
Let h(a) = a**3 - 2*a**2 - 3*a. Let m be h(3). Suppose 5*y - 111 + 781 = m. Let b = y + 213. Is b a prime number?
True
Suppose -65*c + 70*c - 2265 = 0. Is c a composite number?
True
Let w = -492 + 1125. Is w composite?
True
Let v(u) = -u**3 + 3*u**2 + 3*u - 1. Let c be v(3). Let q = c + -6. Let f = 49 + q. Is f a prime number?
False
Let r = -16 - -34. Suppose 3*b = -0*b - r. Is b/(-9) - 458/(-6) a composite number?
True
Suppose 5*n - 8 = 7. Suppose -393 = -4*k + 591. Suppose -m - 4*f + 246 = m, 2*m - n*f = k. Is m a prime number?
False
Suppose -3*d = -4*r - 31 + 7, -16 = -2*d - 3*r. Suppose -5*n + 1873 = d. Is n a composite number?
False
Let u be (-2)/(-7) + 5634/(-21). Suppose 5*h + 701 = -q, -2*q + 280 + 292 = -4*h. Let i = h - u. Is i a composite number?
False
Let l be 73 + 0 + 1 - -1. Suppose 0*w - 3*t = -3*w + 243, 3*t - 3 = 0. Let c = w + l. Is c prime?
True
Let g = -6827 - -15178. Is g prime?
False
Let f(z) = 157*z + 14. Let h(w) = 470*w + 41. Let i(l) = -17*f(l) + 6*h(l). Let y be i(2). Suppose -7*p + 5*p = -y. Is p a composite number?
True
Suppose 2*m + p = -2*m + 11, 5*m = -4*p. Suppose m*i - 12420 = -728. Is i a prime number?
False
Let c(z) = 2*z**2 + z - 3. Let l be c(-2). Is l/2 + (-5970)/(-12) a prime number?
True
Suppose r + 1 = -0*r. Is r/(-3) + 4816/24 a composite number?
True
Let w = -8 - -13. Suppose -w*v + f = -241 - 431, 4*v + 3*f = 530. Suppose v + 6 = 4*g. Is g prime?
False
Let u = 18 + -7. Suppose 2*p - 4*n = 2094, 5*p - 5*n - 5255 = -0*n. Suppose 0 = u*x - 16*x + p. Is x a prime number?
True
Suppose -396 + 1869 = 3*b. Let m = b + -193. Is m a prime number?
False
Let z(g) = -g**3 + g. Let n(h) = -4*h**2 - 3*h + 87. Let c(l) = n(l) + z(l). Is c(0) prime?
False
Is (0 - (0 + -1))*368634/402 prime?
False
Let i(u) = 73*u**2 - 2*u + 3. Let p be i(-3). Suppose -6*l = -0*l - p. Is l a composite number?
True
Let m = 16516 + 41653. Is m prime?
True
Let d = 29 - 25. Suppose v - 2*y = 297, -4*y = d*v - 8*y - 1176. Suppose a + 2*a = v. Is a a composite number?
False
Suppose -w + 3*w = 24. L